 69 is divided by 4.
1
Calculate the remainder when 49 is divided by 25.
24
What is the remainder when 589 is divided by 134?
53
What is the remainder when 2762 is divided by 153?
8
Calculate the remainder when 159 is divided by 115.
44
What is the remainder when 74 is divided by 48?
26
Calculate the remainder when 98 is divided by 22.
10
Calculate the remainder when 479 is divided by 15.
14
What is the remainder when 471 is divided by 113?
19
Calculate the remainder when 223 is divided by 32.
31
Calculate the remainder when 22 is divided by 5.
2
Calculate the remainder when 570 is divided by 24.
18
Calculate the remainder when 34 is divided by 22.
12
What is the remainder when 10077 is divided by 6?
3
Calculate the remainder when 2218 is divided by 1108.
2
Calculate the remainder when 178 is divided by 69.
40
Calculate the remainder when 277 is divided by 8.
5
Calculate the remainder when 432 is divided by 114.
90
Calculate the remainder when 12712 is divided by 11.
7
What is the remainder when 406 is divided by 11?
10
Calculate the remainder when 776 is divided by 156.
152
What is the remainder when 4138 is divided by 218?
214
Calculate the remainder when 29 is divided by 19.
10
What is the remainder when 91 is divided by 3?
1
Calculate the remainder when 75 is divided by 19.
18
What is the remainder when 2232 is divided by 24?
0
What is the remainder when 509 is divided by 3?
2
What is the remainder when 65 is divided by 14?
9
Calculate the remainder when 241 is divided by 119.
3
Calculate the remainder when 170 is divided by 43.
41
Calculate the remainder when 936 is divided by 48.
24
What is the remainder when 517 is divided by 75?
67
What is the remainder when 100 is divided by 6?
4
What is the remainder when 651 is divided by 54?
3
Calculate the remainder when 2585 is divided by 130.
115
Calculate the remainder when 67 is divided by 37.
30
What is the remainder when 479 is divided by 121?
116
Calculate the remainder when 597 is divided by 176.
69
What is the remainder when 39 is divided by 10?
9
Calculate the remainder when 1334 is divided by 52.
34
What is the remainder when 44 is divided by 9?
8
What is the remainder when 295 is divided by 27?
25
What is the remainder when 449 is divided by 217?
15
Calculate the remainder when 76 is divided by 41.
35
Calculate the remainder when 2127 is divided by 112.
111
What is the remainder when 909 is divided by 24?
21
Calculate the remainder when 4939 is divided by 1644.
7
Calculate the remainder when 103 is divided by 2.
1
Calculate the remainder when 282 is divided by 62.
34
Calculate the remainder when 261 is divided by 84.
9
What is the remainder when 202 is divided by 30?
22
Calculate the remainder when 308 is divided by 76.
4
What is the remainder when 2849 is divided by 57?
56
Calculate the remainder when 67 is divided by 17.
16
Calculate the remainder when 1989 is divided by 985.
19
Calculate the remainder when 815 is divided by 148.
75
Calculate the remainder when 147 is divided by 6.
3
Calculate the remainder when 668 is divided by 67.
65
What is the remainder when 167 is divided by 71?
25
Calculate the remainder when 3167 is divided by 144.
143
What is the remainder when 2646 is divided by 50?
46
What is the remainder when 171 is divided by 31?
16
What is the remainder when 584 is divided by 236?
112
What is the remainder when 90 is divided by 24?
18
What is the remainder when 1713 is divided by 43?
36
What is the remainder when 284 is divided by 22?
20
Calculate the remainder when 234 is divided by 59.
57
Calculate the remainder when 1190 is divided by 228.
50
What is the remainder when 11 is divided by 2?
1
What is the remainder when 3820 is divided by 27?
13
Calculate the remainder when 472 is divided by 34.
30
What is the remainder when 1425 is divided by 164?
113
Calculate the remainder when 2471 is divided by 412.
411
What is the remainder when 125 is divided by 68?
57
Calculate the remainder when 6947 is divided by 79.
74
Calculate the remainder when 1355 is divided by 76.
63
Calculate the remainder when 183 is divided by 26.
1
Calculate the remainder when 742 is divided by 62.
60
Calculate the remainder when 90 is divided by 19.
14
What is the remainder when 1208 is divided by 49?
32
Calculate the remainder when 57 is divided by 21.
15
What is the remainder when 3533 is divided by 704?
13
What is the remainder when 1376 is divided by 99?
89
Calculate the remainder when 219 is divided by 59.
42
What is the remainder when 287 is divided by 124?
39
What is the remainder when 1474 is divided by 17?
12
Calculate the remainder when 4309 is divided by 5.
4
Calculate the remainder when 2892 is divided by 71.
52
Calculate the remainder when 491 is divided by 35.
1
What is the remainder when 668 is divided by 4?
0
Calculate the remainder when 708 is divided by 203.
99
Calculate the remainder when 404 is divided by 58.
56
What is the remainder when 74 is divided by 11?
8
What is the remainder when 1042 is divided by 346?
4
Calculate the remainder when 854 is divided by 842.
12
Calculate the remainder when 778 is divided by 233.
79
Calculate the remainder when 166 is divided by 28.
26
Calculate the remainder when 1089 is divided by 7.
4
What is the remainder when 942 is divided by 180?
42
What is the remainder when 12082 is divided by 53?
51
Calculate the remainder when 922 is divided by 71.
70
Calculate the remainder when 94 is divided by 27.
13
Calculate the remainder when 109 is divided by 38.
33
Calculate the remainder when 755 is divided by 85.
75
Calculate the remainder when 64 is divided by 38.
26
Calculate the remainder when 46 is divided by 24.
22
What is the remainder when 587 is divided by 231?
125
What is the remainder when 73 is divided by 65?
8
What is the remainder when 661 is divided by 83?
80
Calculate the remainder when 471 is divided by 38.
15
Calculate the remainder when 573 is divided by 15.
3
Calculate the remainder when 61 is divided by 21.
19
What is the remainder when 579 is divided by 98?
89
Calculate the remainder when 1162 is divided by 1108.
54
What is the remainder when 44 is divided by 7?
2
Calculate the remainder when 10864 is divided by 265.
264
What is the remainder when 19 is divided by 7?
5
Calculate the remainder when 170 is divided by 51.
17
Calculate the remainder when 330 is divided by 37.
34
Calculate the remainder when 1553 is divided by 507.
32
What is the remainder when 306 is divided by 146?
14
What is the remainder when 404 is divided by 27?
26
Calculate the remainder when 536 is divided by 117.
68
What is the remainder when 829 is divided by 19?
12
Calculate the remainder when 948 is divided by 256.
180
Calculate the remainder when 268 is divided by 52.
8
What is the remainder when 293 is divided by 35?
13
Calculate the remainder when 238 is divided by 15.
13
Calculate the remainder when 2389 is divided by 46.
43
Calculate the remainder when 3777 is divided by 15.
12
Calculate the remainder when 449 is divided by 19.
12
Calculate the remainder when 2733 is divided by 83.
77
Calculate the remainder when 2654 is divided by 1327.
0
What is the remainder when 1013 is divided by 30?
23
What is the remainder when 40764 is divided by 109?
107
Calculate the remainder when 59 is divided by 5.
4
What is the remainder when 1071 is divided by 37?
35
Calculate the remainder when 754 is divided by 21.
19
Calculate the remainder when 279 is divided by 1.
0
What is the remainder when 131 is divided by 17?
12
What is the remainder when 2645 is divided by 379?
371
Calculate the remainder when 185 is divided by 11.
9
What is the remainder when 20 is divided by 15?
5
What is the remainder when 67 is divided by 42?
25
What is the remainder when 671 is divided by 242?
187
What is the remainder when 1213 is divided by 15?
13
What is the remainder when 76 is divided by 27?
22
Calculate the remainder when 129 is divided by 35.
24
Calculate the remainder when 374 is divided by 374.
0
Calculate the remainder when 41 is divided by 28.
13
Calculate the remainder when 14 is divided by 14.
0
What is the remainder when 46 is divided by 16?
14
Calculate the remainder when 392 is divided by 7.
0
Calculate the remainder when 22 is divided by 7.
1
Calculate the remainder w